actor of 584580 and 196980?
60
Calculate the greatest common divisor of 25330 and 32770.
10
What is the greatest common divisor of 2748021 and 256777?
461
Calculate the highest common divisor of 63 and 1646811.
9
What is the highest common factor of 52501871 and 15157?
659
What is the highest common divisor of 3441 and 488777?
31
What is the greatest common divisor of 96656 and 11319971?
863
Calculate the greatest common divisor of 67989369 and 87.
87
Calculate the highest common factor of 909837 and 136869.
129
Calculate the greatest common factor of 5222652 and 36.
12
What is the highest common factor of 23708055 and 4830?
2415
What is the greatest common factor of 2625 and 69060?
15
What is the highest common factor of 2705521 and 64428?
91
What is the highest common divisor of 232577694 and 55946?
5086
Calculate the greatest common factor of 1214500 and 49.
7
Calculate the highest common factor of 3289 and 6092125.
299
Calculate the highest common divisor of 9080309 and 258419.
8911
Calculate the highest common divisor of 354481183 and 77.
7
Calculate the highest common factor of 39 and 14245176.
3
Calculate the highest common divisor of 338 and 12423346.
26
What is the greatest common factor of 806 and 14444326?
806
What is the greatest common divisor of 824238 and 111186?
522
Calculate the highest common factor of 365 and 33597082.
73
Calculate the highest common divisor of 148580 and 315514.
874
What is the greatest common divisor of 281097 and 11358?
9
Calculate the greatest common factor of 1056 and 7020618.
66
What is the highest common factor of 28 and 19505136?
28
What is the greatest common divisor of 10476 and 1609543116?
10476
Calculate the highest common divisor of 14597 and 1856473.
1327
What is the greatest common factor of 32754291 and 51?
51
What is the greatest common divisor of 24393008 and 5792?
2896
What is the greatest common divisor of 50794623 and 33?
33
What is the highest common divisor of 19253023 and 110675?
4427
Calculate the highest common divisor of 3223 and 146056691.
3223
What is the greatest common divisor of 48384 and 6993?
189
What is the greatest common divisor of 4356 and 14448?
12
What is the greatest common factor of 1054 and 4444786?
34
Calculate the highest common factor of 11184855 and 119515.
2915
What is the greatest common factor of 1944 and 7062936?
24
Calculate the highest common divisor of 764754 and 4529.
647
What is the highest common factor of 62859 and 390057?
69
Calculate the greatest common factor of 426990 and 66607.
43
Calculate the highest common factor of 355146030 and 90.
90
Calculate the greatest common factor of 37120861 and 19093.
313
Calculate the highest common divisor of 5534956680 and 15.
15
Calculate the greatest common factor of 11052 and 29556.
36
What is the greatest common divisor of 2176 and 12001048?
136
What is the greatest common divisor of 69431235 and 15?
15
Calculate the highest common divisor of 120378 and 492.
6
What is the greatest common factor of 3070 and 94546790?
3070
What is the highest common divisor of 6233 and 40989563?
271
Calculate the greatest common factor of 749 and 798755.
107
Calculate the highest common factor of 14668417 and 7664.
479
Calculate the highest common divisor of 4389245 and 140.
35
Calculate the highest common divisor of 2567605 and 22655.
115
What is the greatest common divisor of 2703367 and 3225?
43
Calculate the highest common factor of 192052 and 1545992.
532
What is the highest common factor of 13923 and 10257?
39
What is the highest common factor of 224756 and 3634736?
644
What is the greatest common divisor of 13483 and 46287?
139
What is the greatest common divisor of 273 and 923727?
21
Calculate the greatest common divisor of 6698765 and 8585.
85
What is the greatest common factor of 55671 and 16109163?
5061
Calculate the greatest common divisor of 36256 and 559680.
352
What is the greatest common divisor of 64509271 and 320399?
6817
What is the highest common divisor of 25493994 and 54?
54
Calculate the greatest common divisor of 10721513 and 22.
11
What is the highest common divisor of 845493 and 2673?
33
Calculate the highest common factor of 4251 and 98086157.
1417
What is the greatest common divisor of 306 and 24006636?
18
Calculate the greatest common factor of 51152347 and 3110.
311
Calculate the greatest common divisor of 8937387 and 666.
333
What is the greatest common divisor of 198 and 77266728?
198
Calculate the highest common divisor of 4326765 and 36285.
885
What is the greatest common divisor of 3274 and 59136625?
1637
What is the greatest common divisor of 13340222 and 126?
14
What is the highest common factor of 9320 and 177867540?
4660
Calculate the highest common divisor of 2292996 and 48327.
267
Calculate the greatest common factor of 1938322460 and 4022.
4022
Calculate the greatest common divisor of 1277280 and 5472.
288
Calculate the highest common factor of 612 and 12714192.
36
What is the highest common divisor of 634431 and 12873?
21
What is the highest common factor of 420 and 478450?
70
What is the highest common factor of 768 and 43290624?
768
What is the greatest common divisor of 231 and 62236482?
231
What is the greatest common divisor of 25481916 and 36?
36
Calculate the highest common factor of 100 and 13914825.
25
What is the greatest common divisor of 1844904 and 4152?
24
Calculate the greatest common divisor of 7142917 and 15067.
1159
What is the greatest common divisor of 874496 and 15372?
1708
What is the highest common factor of 216 and 1813445136?
72
What is the greatest common factor of 26507 and 20697889?
2039
Calculate the greatest common factor of 394361 and 2695.
11
Calculate the highest common factor of 932301 and 7384.
71
Calculate the greatest common factor of 302401 and 249491.
407
Calculate the greatest common divisor of 355659 and 12.
3
What is the greatest common divisor of 29399875 and 50?
25
Calculate the highest common divisor of 8479236 and 24.
12
Calculate the highest common divisor of 192621 and 499213.
143
What is the highest common factor of 1104414 and 121158?
318
What is the greatest common factor of 26181279 and 18?
9
Calculate the greatest common divisor of 308831848 and 4472.
4472
Calculate the highest common factor of 38247 and 974301.
57
What is the greatest common divisor of 165 and 2255?
55
What is the greatest common divisor of 632 and 22024?
8
What is the greatest common factor of 4822 and 99685206?
4822
What is the highest common factor of 67709 and 4?
1
Calculate the greatest common factor of 2617239305 and 205.
205
Calculate the highest common divisor of 1928 and 14401678.
482
Calculate the greatest common divisor of 40 and 1030840.
40
What is the greatest common factor of 34 and 2610469?
17
What is the highest common divisor of 10790859 and 19617?
1509
What is the greatest common divisor of 55692 and 552708?
468
What is the greatest common divisor of 430935 and 13920?
15
Calculate the greatest common divisor of 54775 and 709884.
2191
Calculate the greatest common factor of 5842 and 3105023.
2921
Calculate the greatest common factor of 9 and 4400181.
9
Calculate the highest common factor of 550 and 87459350.
550
Calculate the greatest common factor of 92 and 3742708.
4
Calculate the highest common divisor of 16005 and 660.
165
What is the highest common divisor of 1731800 and 4025?
175
Calculate the highest common factor of 48878534 and 2324.
166
Calculate the highest common factor of 3640 and 35620.
260
What is the greatest common factor of 245616 and 179214?
714
What is the greatest common factor of 4652 and 9506?
2
Calculate the greatest common factor of 28 and 14656824.
28
Calculate the greatest common divisor of 878627704 and 656.
328
Calculate the greatest common divisor of 6768 and 1011672.
72
What is the greatest common factor of 10197179 and 695?
139
Calculate the greatest common divisor of 2546236 and 40964.
2156
What is the highest common divisor of 73829322 and 112?
14
Calculate the highest common divisor of 9360 and 2842866.
234
What is the greatest common factor of 117 and 1119469?
13
Calculate the greatest common divisor of 18500 and 5500.
500
Calculate the greatest common divisor of 72546952 and 50722.
7246
What is the highest c